{"id":6118,"date":"2026-04-29T12:33:43","date_gmt":"2026-04-29T10:33:43","guid":{"rendered":"https:\/\/zainwestujwsiebie.pl\/cms\/?page_id=6118"},"modified":"2026-05-09T01:31:24","modified_gmt":"2026-05-08T23:31:24","slug":"projekt-bez-barier","status":"publish","type":"page","link":"https:\/\/zainwestujwsiebie.pl\/cms\/projekt-bez-barier\/","title":{"rendered":"Projekt bez barier"},"content":{"rendered":"\t\t<div data-elementor-type=\"wp-page\" data-elementor-id=\"6118\" class=\"elementor elementor-6118\">\n\t\t\t\t<div class=\"elementor-element elementor-element-3cdabbd e-con-full e-flex e-con e-parent\" data-id=\"3cdabbd\" data-element_type=\"container\">\n\t\t\t\t<div class=\"elementor-element elementor-element-e132f7c elementor-widget__width-inherit elementor-widget elementor-widget-text-editor\" data-id=\"e132f7c\" data-element_type=\"widget\" data-widget_type=\"text-editor.default\">\n\t\t\t\t\t\t\t\t\t<p style=\"text-align: left;\"><strong>Wojew\u00f3dzki Urz\u0105d Pracy<\/strong> w Toruniu dok\u0142ada wszelkich stara\u0144, by wszelkie informacje zwi\u0105zane z projektem Kierunek-Rozw\u00f3j by\u0142y dost\u0119pne tak\u017ce dla os\u00f3b ze szczeg\u00f3lnymi potrzebami. Osoby zainteresowane udzia\u0142em w projekcie i te, kt\u00f3re ju\u017c w nim uczestnicz\u0105, liczy\u0107 mog\u0105 na wsparcie ze strony Urz\u0119du.<\/p><ul><li><strong>Pracownicy WUP<\/strong> s\u0142u\u017c\u0105 pomoc\u0105 w dost\u0119pie do informacji projektowych oraz w za\u0142atwianiu spraw formalnych zwi\u0105zanych z projektem \u2013 <a href=\"https:\/\/zainwestujwsiebie.pl\/cms\/kontakt-dla-uczestnikow-i-uslugodawcow\/\">dane kontaktowe<\/a>.<\/li><li><strong>Osoby z niepe\u0142nosprawno\u015bciami s\u0142uchu<\/strong> maj\u0105 prawo do bezp\u0142atnego skorzystania z us\u0142ug t\u0142umacza migowego lub t\u0142umacza \u2013 przewodnika. Potrzeb\u0119 skorzystania z bezp\u0142atnej pomocy t\u0142umacza nale\u017cy zg\u0142osi\u0107 co najmniej 3 dni robocze przed planowan\u0105 wizyt\u0105 w urz\u0119dzie (z wy\u0142\u0105czeniem sytuacji nag\u0142ych) poczt\u0105 elektroniczn\u0105 na adres: <a href=\"mailto:wup@wup.torun.pl\">wup@wup.torun.pl<\/a>. Zg\u0142oszenie powinno zawiera\u0107 imi\u0119 i nazwisko osoby uprawnionej do skorzystania z pomocy, adres, dane kontaktowe (telefon lub mail), wybran\u0105 metod\u0119 komunikowania si\u0119 (PJM, SJM, SKOGN), informacj\u0119 na temat za\u0142atwianej sprawy i jej sygnatur\u0119 (w przypadku sprawy, kt\u00f3ra jest w toku).<\/li><\/ul><p><img loading=\"lazy\" decoding=\"async\" class=\"alignnone size-medium wp-image-6120 aligncenter hoverZoomLink\" src=\"https:\/\/zainwestujwsiebie.pl\/cms\/wp-content\/uploads\/2026\/04\/AZ2RCtg1iv1oPb-N-YqWfw-AZ2RCtg25uO2h-8_4z7UxA1-300x300.png\" alt=\"Ilustracja pokazuj\u0105ca r\u00f3\u017cne znaki informacyjne dla os\u00f3b z niepe\u0142nosprawno\u015bciami\" width=\"400\" height=\"400\" srcset=\"https:\/\/zainwestujwsiebie.pl\/cms\/wp-content\/uploads\/2026\/04\/AZ2RCtg1iv1oPb-N-YqWfw-AZ2RCtg25uO2h-8_4z7UxA1-300x300.png 300w, https:\/\/zainwestujwsiebie.pl\/cms\/wp-content\/uploads\/2026\/04\/AZ2RCtg1iv1oPb-N-YqWfw-AZ2RCtg25uO2h-8_4z7UxA1-150x150.png 150w, https:\/\/zainwestujwsiebie.pl\/cms\/wp-content\/uploads\/2026\/04\/AZ2RCtg1iv1oPb-N-YqWfw-AZ2RCtg25uO2h-8_4z7UxA1-768x768.png 768w, https:\/\/zainwestujwsiebie.pl\/cms\/wp-content\/uploads\/2026\/04\/AZ2RCtg1iv1oPb-N-YqWfw-AZ2RCtg25uO2h-8_4z7UxA1.png 1024w\" sizes=\"auto, (max-width: 400px) 100vw, 400px\" \/><\/p><ul><li><strong>Osoby z niepe\u0142nosprawno\u015bci\u0105 wzroku<\/strong> mog\u0105 wej\u015b\u0107 do Urz\u0119du z pasem asystuj\u0105cym i psem przewodnikiem.<\/li><li><strong>Zg\u0142oszenia problem\u00f3w<\/strong> zwi\u0105zanych z dost\u0119pno\u015bci\u0105 przyjmuje koordynator do spraw dost\u0119pno\u015bci Pan Maciej Smolarek. Przekazywa\u0107 je mo\u017cna mailowo na adres <a href=\"mailto:dostepnosc@wup.torun.pl\">dostepnosc@wup.torun.pl<\/a> lub telefonicznie <a href=\"tel:+48%2056%206693%20939\">56 6693 939<\/a>.<\/li><li><strong>Projekt<\/strong> Kierunek-Rozw\u00f3j obs\u0142ugiwany jest przez pracownik\u00f3w Wydzia\u0142u Us\u0142ug Rozwojowych WUP, ulokowanego w budynku WUP w Toruniu przy Szosie Che\u0142mi\u0144skiej 30\/32.<\/li><li><strong>Dost\u0119pno\u015b\u0107 architektoniczna<\/strong> siedziby g\u0142\u00f3wnej WUP w Toruniu oraz oddzia\u0142\u00f3w zamiejscowych w Bydgoszczy i W\u0142oc\u0142awku opisane s\u0105 w zak\u0142adce <a href=\"https:\/\/wuptorun.praca.gov.pl\/deklaracja-dostepnosci\" target=\"_blank\" rel=\"noopener\">Deklaracja Dost\u0119pno\u015bci na stronie WUP<\/a>.<\/li><li><strong>Pe\u0142na informacja<\/strong> dotycz\u0105ca dost\u0119pno\u015bci strony projektowej <a href=\"http:\/\/www.zainwestujwsiebie.pl\">zainwestujwsiebie.pl<\/a> zawarta jest w zak\u0142adce <a href=\"https:\/\/zainwestujwsiebie.pl\/cms\/deklaracja-dostepnosci\/\">Deklaracja dost\u0119pno\u015bci<\/a>.<\/li><\/ul>\t\t\t\t\t\t\t\t<\/div>\n\t\t\t\t<\/div>\n\t\t\t\t<\/div>\n\t\t","protected":false},"excerpt":{"rendered":"<p>Wojew\u00f3dzki Urz\u0105d Pracy w Toruniu dok\u0142ada wszelkich stara\u0144, by wszelkie informacje zwi\u0105zane z projektem Kierunek-Rozw\u00f3j by\u0142y dost\u0119pne tak\u017ce dla os\u00f3b [&hellip;]<\/p>\n","protected":false},"author":4,"featured_media":6120,"parent":0,"menu_order":0,"comment_status":"closed","ping_status":"closed","template":"","meta":{"site-sidebar-layout":"no-sidebar","site-content-layout":"","ast-site-content-layout":"full-width-container","site-content-style":"default","site-sidebar-style":"default","ast-global-header-display":"","ast-banner-title-visibility":"","ast-main-header-display":"","ast-hfb-above-header-display":"","ast-hfb-below-header-display":"","ast-hfb-mobile-header-display":"","site-post-title":"disabled","ast-breadcrumbs-content":"","ast-featured-img":"disabled","footer-sml-layout":"","ast-disable-related-posts":"","theme-transparent-header-meta":"","adv-header-id-meta":"","stick-header-meta":"","header-above-stick-meta":"","header-main-stick-meta":"","header-below-stick-meta":"","astra-migrate-meta-layouts":"default","ast-page-background-enabled":"default","ast-page-background-meta":{"desktop":{"background-color":"var(--ast-global-color-5)","background-image":"","background-repeat":"repeat","background-position":"center center","background-size":"auto","background-attachment":"scroll","background-type":"","background-media":"","overlay-type":"","overlay-color":"","overlay-opacity":"","overlay-gradient":""},"tablet":{"background-color":"","background-image":"","background-repeat":"repeat","background-position":"center center","background-size":"auto","background-attachment":"scroll","background-type":"","background-media":"","overlay-type":"","overlay-color":"","overlay-opacity":"","overlay-gradient":""},"mobile":{"background-color":"","background-image":"","background-repeat":"repeat","background-position":"center center","background-size":"auto","background-attachment":"scroll","background-type":"","background-media":"","overlay-type":"","overlay-color":"","overlay-opacity":"","overlay-gradient":""}},"ast-content-background-meta":{"desktop":{"background-color":"var(--ast-global-color-4)","background-image":"","background-repeat":"repeat","background-position":"center center","background-size":"auto","background-attachment":"scroll","background-type":"","background-media":"","overlay-type":"","overlay-color":"","overlay-opacity":"","overlay-gradient":""},"tablet":{"background-color":"var(--ast-global-color-4)","background-image":"","background-repeat":"repeat","background-position":"center center","background-size":"auto","background-attachment":"scroll","background-type":"","background-media":"","overlay-type":"","overlay-color":"","overlay-opacity":"","overlay-gradient":""},"mobile":{"background-color":"var(--ast-global-color-4)","background-image":"","background-repeat":"repeat","background-position":"center center","background-size":"auto","background-attachment":"scroll","background-type":"","background-media":"","overlay-type":"","overlay-color":"","overlay-opacity":"","overlay-gradient":""}},"footnotes":""},"class_list":["post-6118","page","type-page","status-publish","has-post-thumbnail","hentry"],"rttpg_featured_image_url":{"full":["https:\/\/zainwestujwsiebie.pl\/cms\/wp-content\/uploads\/2026\/04\/AZ2RCtg1iv1oPb-N-YqWfw-AZ2RCtg25uO2h-8_4z7UxA1.png",1024,1024,false],"landscape":["https:\/\/zainwestujwsiebie.pl\/cms\/wp-content\/uploads\/2026\/04\/AZ2RCtg1iv1oPb-N-YqWfw-AZ2RCtg25uO2h-8_4z7UxA1.png",1024,1024,false],"portraits":["https:\/\/zainwestujwsiebie.pl\/cms\/wp-content\/uploads\/2026\/04\/AZ2RCtg1iv1oPb-N-YqWfw-AZ2RCtg25uO2h-8_4z7UxA1.png",1024,1024,false],"thumbnail":["https:\/\/zainwestujwsiebie.pl\/cms\/wp-content\/uploads\/2026\/04\/AZ2RCtg1iv1oPb-N-YqWfw-AZ2RCtg25uO2h-8_4z7UxA1-150x150.png",150,150,true],"medium":["https:\/\/zainwestujwsiebie.pl\/cms\/wp-content\/uploads\/2026\/04\/AZ2RCtg1iv1oPb-N-YqWfw-AZ2RCtg25uO2h-8_4z7UxA1-300x300.png",300,300,true],"large":["https:\/\/zainwestujwsiebie.pl\/cms\/wp-content\/uploads\/2026\/04\/AZ2RCtg1iv1oPb-N-YqWfw-AZ2RCtg25uO2h-8_4z7UxA1.png",1024,1024,false],"1536x1536":["https:\/\/zainwestujwsiebie.pl\/cms\/wp-content\/uploads\/2026\/04\/AZ2RCtg1iv1oPb-N-YqWfw-AZ2RCtg25uO2h-8_4z7UxA1.png",1024,1024,false],"2048x2048":["https:\/\/zainwestujwsiebie.pl\/cms\/wp-content\/uploads\/2026\/04\/AZ2RCtg1iv1oPb-N-YqWfw-AZ2RCtg25uO2h-8_4z7UxA1.png",1024,1024,false]},"rttpg_author":{"display_name":"Ryszard Warta","author_link":"https:\/\/zainwestujwsiebie.pl\/cms\/author\/rysz7\/"},"rttpg_comment":0,"rttpg_category":null,"rttpg_excerpt":"Wojew\u00f3dzki Urz\u0105d Pracy w Toruniu dok\u0142ada wszelkich stara\u0144, by wszelkie informacje zwi\u0105zane z projektem Kierunek-Rozw\u00f3j by\u0142y dost\u0119pne tak\u017ce dla os\u00f3b [&hellip;]","_links":{"self":[{"href":"https:\/\/zainwestujwsiebie.pl\/cms\/wp-json\/wp\/v2\/pages\/6118","targetHints":{"allow":["GET"]}}],"collection":[{"href":"https:\/\/zainwestujwsiebie.pl\/cms\/wp-json\/wp\/v2\/pages"}],"about":[{"href":"https:\/\/zainwestujwsiebie.pl\/cms\/wp-json\/wp\/v2\/types\/page"}],"author":[{"embeddable":true,"href":"https:\/\/zainwestujwsiebie.pl\/cms\/wp-json\/wp\/v2\/users\/4"}],"replies":[{"embeddable":true,"href":"https:\/\/zainwestujwsiebie.pl\/cms\/wp-json\/wp\/v2\/comments?post=6118"}],"version-history":[{"count":37,"href":"https:\/\/zainwestujwsiebie.pl\/cms\/wp-json\/wp\/v2\/pages\/6118\/revisions"}],"predecessor-version":[{"id":7076,"href":"https:\/\/zainwestujwsiebie.pl\/cms\/wp-json\/wp\/v2\/pages\/6118\/revisions\/7076"}],"wp:featuredmedia":[{"embeddable":true,"href":"https:\/\/zainwestujwsiebie.pl\/cms\/wp-json\/wp\/v2\/media\/6120"}],"wp:attachment":[{"href":"https:\/\/zainwestujwsiebie.pl\/cms\/wp-json\/wp\/v2\/media?parent=6118"}],"curies":[{"name":"wp","href":"https:\/\/api.w.org\/{rel}","templated":true}]}}